{"id":53,"date":"2015-11-24T19:36:04","date_gmt":"2015-11-24T18:36:04","guid":{"rendered":"http:\/\/www.connyscholz.de\/?page_id=53"},"modified":"2016-03-09T14:13:15","modified_gmt":"2016-03-09T14:13:15","slug":"beratung","status":"publish","type":"page","link":"https:\/\/connyscholz.de\/?page_id=53","title":{"rendered":"Beratung"},"content":{"rendered":"<h3><strong>Einzelsitzungen<\/strong><\/h3>\n<p>&nbsp;<\/p>\n<h3><span style=\"color: #ff6600;\">Urlaub vom Alltag &#8211; Mentaltraining und Coaching<\/span><br \/>\n<span style=\"color: #ff0000;\">Individuelles Einzelcoaching &#8211; Kl\u00e4re Dein Leben !<\/span><\/h3>\n<h5><span style=\"color: #3366ff;\">Raus aus dem Hamsterrad, rein in die eigene Kraft!<\/span><br \/>\n<span style=\"color: #3366ff;\">Das eigene Leben wieder in Ordnung bringen!<\/span><br \/>\n<span style=\"color: #3366ff;\">Schon lange keine Lust mehr&#8230;<\/span><br \/>\n<span style=\"color: #3366ff;\">dann ist der richtige Zeitpunkt f\u00fcr Ihre Ver\u00e4nderung gekommen!<\/span><br \/>\n<span style=\"color: #3366ff;\">Klarheit, Durchblick und \u00dcberblick wieder erreichen \u2013 in entspannter und privater Atmosph\u00e4re.<\/span><br \/>\n<span style=\"color: #3366ff;\">Ideen, Inspirationen, neue Wege f\u00fcr das eigene Leben finden und zufriedener und gl\u00fccklich sein.<\/span><\/h5>\n<p><a href=\"http:\/\/connyscholz.de\/wp-content\/uploads\/2016\/01\/PausenZeit-beim-MalWorkshop-e1452615779387.jpg\"><img loading=\"lazy\" decoding=\"async\" class=\"wp-image-213 size-medium alignleft\" src=\"http:\/\/connyscholz.de\/wp-content\/uploads\/2016\/01\/PausenZeit-beim-MalWorkshop-300x209.jpg\" alt=\"\" width=\"300\" height=\"209\" \/><\/a><strong><span style=\"color: #ff0000;\">F\u00fcr wen ist dieses Einzelcoaching geeignet und wichtig?<\/span><\/strong><br \/>\nSie wollen ausruhen und entspannen &#8211; Kraft und Energie f\u00fcr sich selber tanken.<br \/>\nSie w\u00fcnschen wieder Klarheit, Ordnung und Struktur im eigenen Leben.<br \/>\nSie suchen eine private Atmosph\u00e4re und ein naturverbundenes Ambiente.<br \/>\nSie wollen keinen Gruppenzwang, sondern eine individuelle Beratung und Kl\u00e4rung.<br \/>\nSie m\u00f6chten wieder Freude und Spa\u00df in Ihrem Leben.<br \/>\nSie suchen nach neuen Ideen, Inspirationen, M\u00f6glichkeiten und Wegen.<\/p>\n<p>&nbsp;<\/p>\n<p><a href=\"http:\/\/connyscholz.de\/wp-content\/uploads\/2016\/01\/Garten_Ambiente-e1452616297527.jpg\"><img loading=\"lazy\" decoding=\"async\" class=\"size-medium wp-image-173 alignleft\" src=\"http:\/\/connyscholz.de\/wp-content\/uploads\/2016\/01\/Garten_Ambiente-300x174.jpg\" alt=\"Garten_Ambiente\" width=\"300\" height=\"174\" \/><\/a><strong><span style=\"color: #ff0000;\">Was machen wir beim Einzelcoaching?<\/span><\/strong><br \/>\nMentale Trainings \u2013 individuell abgestimmt auf Ihre Themen.<br \/>\nUrsachen von Problemen finden und L\u00f6sungsans\u00e4tze aufzeigen.<br \/>\nEntspannungsmethoden, alltagstauglich und schnell umsetzbar.<\/p>\n<p>Natur, Farben, individuell angepasste Techniken ganz bewusst einsetzen.<\/p>\n<p>&nbsp;<\/p>\n<p><a href=\"http:\/\/connyscholz.de\/wp-content\/uploads\/2016\/01\/MalWerkstatt-e1452616380292.jpg\"><img loading=\"lazy\" decoding=\"async\" class=\"size-medium wp-image-159 alignleft\" src=\"http:\/\/connyscholz.de\/wp-content\/uploads\/2016\/01\/MalWerkstatt-300x212.jpg\" alt=\"MalWerkstatt\" width=\"300\" height=\"212\" \/><\/a><strong><span style=\"color: #ff0000;\">Wie erreichen wir das Ziel Ihrer W\u00fcnsche?<\/span><\/strong><br \/>\nDen Blickwinkel \u00e4ndern &#8211; Erweiterung Ihrer individuellen Perspektiven.<br \/>\nErkennen und Loslassen von alten Denkmustern oder Verhaltensweisen<br \/>\nSouver\u00e4nes Handeln trainieren \u2013 auch in schwierigen Situationen.<br \/>\nKopf u. Bauch in Einklang bringen &#8211; Eigenes F\u00fchlen u. Verhalten besser steuern.<\/p>\n<p>Gemeinsam erarbeiten wir die Ver\u00e4nderungsm\u00f6glichkeiten.<\/p>\n<p>&nbsp;<\/p>\n<p><a href=\"http:\/\/connyscholz.de\/wp-content\/uploads\/2016\/01\/Teich-022010.jpg\"><img loading=\"lazy\" decoding=\"async\" class=\"alignleft wp-image-182 size-medium\" src=\"http:\/\/connyscholz.de\/wp-content\/uploads\/2016\/01\/Teich-022010-300x225.jpg\" alt=\"\" width=\"300\" height=\"225\" srcset=\"https:\/\/connyscholz.de\/wp-content\/uploads\/2016\/01\/Teich-022010-300x225.jpg 300w, https:\/\/connyscholz.de\/wp-content\/uploads\/2016\/01\/Teich-022010-1024x768.jpg 1024w, https:\/\/connyscholz.de\/wp-content\/uploads\/2016\/01\/Teich-022010.jpg 1280w\" sizes=\"auto, (max-width: 300px) 100vw, 300px\" \/><\/a><strong><span style=\"color: #ff0000;\">Rahmenbedingungen und Veranstaltungsort:<\/span><\/strong><br \/>\n<strong>Dauer: 2 bis 4 Tage ( optional buchbar )<\/strong><br \/>\nTagespreis: 600 Euro incl. Verpflegung, ab dem 3. Tag erhalten Sie 10% Rabatt<br \/>\n\u00dcbernachtung im Haus ist m\u00f6glich (nicht im Tagespreis enthalten),<br \/>\nTermin nach Vereinbarung<\/p>\n<p>&nbsp;<\/p>\n<p>&nbsp;<\/p>\n<p>Download: <a href=\"http:\/\/connyscholz.de\/wp-content\/uploads\/2015\/11\/Urlaub_vom_Alltag_2016.pdf\" target=\"_blank\">Urlaub_vom_Alltag_2016<\/a><\/p>\n<p>Download Anmeldung: <a href=\"http:\/\/connyscholz.de\/wp-content\/uploads\/2015\/11\/Anmeldung2016_Urlaub-vom-Alltag.pdf\" target=\"_blank\">Anmeldung2016_Urlaub vom Alltag<\/a><\/p>\n<hr \/>\n<p>&nbsp;<\/p>\n<p><strong>Lichtblicke &#8211; Beratung<\/strong><\/p>\n<p><a href=\"http:\/\/www.connyscholz.de\/wp-content\/uploads\/2015\/11\/41.jpg\"><img loading=\"lazy\" decoding=\"async\" class=\" wp-image-54 alignnone\" src=\"http:\/\/www.connyscholz.de\/wp-content\/uploads\/2015\/11\/41.jpg\" alt=\"Lichtblicke-Beratung\" width=\"190\" height=\"255\" \/><\/a><\/p>\n<ul>\n<li>Beratung, Coaching, Reading im morphischen Feld zu Ihren Fragen und Themen &#8211; auch telefonisch m\u00f6glich &#8211; f\u00fcr Einzelsitzungen betr\u00e4gt der Preis pro 30 Minuten: 45 Euro zzgl. MwSt. (Termine nach Vereinbarung)<\/li>\n<li>Numerologische Ausarbeitungen f\u00fcr Geburtsdatum, Name oder Firmenname \u00a0erstelle ich Ihnen f\u00fcr jeweils 30 Euro zzgl. MwSt.<\/li>\n<\/ul>\n<hr \/>\n<p>&nbsp;<\/p>\n<p><strong>Pers\u00f6nlichkeitstraining: Der Weg zum Inneren Licht<\/strong><\/p>\n<p><a href=\"http:\/\/www.connyscholz.de\/wp-content\/uploads\/2015\/11\/42.jpg\"><img loading=\"lazy\" decoding=\"async\" class=\"alignnone size-full wp-image-37\" src=\"http:\/\/www.connyscholz.de\/wp-content\/uploads\/2015\/11\/42.jpg\" alt=\"Lichtwege-Workshop\" width=\"190\" height=\"250\" \/><\/a><\/p>\n<p>Intensives Pers\u00f6nlichkeitstraining mit Readings, Atmung, Farben, inneren Bildern und Worten etc., um den Weg zur eigenen Klarheit, Wahrheit und Freiheit zu finden.<\/p>\n<p>5 Einzelsitzungen jeweils 1,5 Stunden<\/p>\n<p>Gesamtpreis: 700 Euro inkl. MwSt. (Termin nach Vereinbarung)<\/p>\n<hr \/>\n<p>&nbsp;<\/p>\n<p><strong>Reichtum und F\u00fclle &#8211; Einzeltraining: &#8222;Die Macht des Geldes&#8220;<\/strong><\/p>\n<p><a href=\"http:\/\/www.connyscholz.de\/wp-content\/uploads\/2015\/11\/ReichtumundFuelle.jpg\"><img loading=\"lazy\" decoding=\"async\" class=\"size-medium wp-image-16\" src=\"http:\/\/www.connyscholz.de\/wp-content\/uploads\/2015\/11\/ReichtumundFuelle-235x300.jpg\" alt=\"Unicode\" width=\"235\" height=\"300\" \/><\/a><\/p>\n<p>&nbsp;<\/p>\n<p>Sie haben die freie Wahl: Sie k\u00f6nnen entweder abwarten, bis der gro\u00dfe Gewinn kommt oder Sie nehmen die &#8222;Probleme&#8220; selbst in die Hand&#8230;<\/p>\n<p>In diesem mentalen Einzeltraining \u00f6ffnen Sie sich einer erweiterten Sicht der Themen Geld, Selbstwert, Macht oder Abh\u00e4ngigkeit und Sie erkennen die M\u00f6glichkeiten zur Ver\u00e4nderung in Ihrem Leben.<\/p>\n<p>Energie folgt der Aufmerksamkeit\u00a0&#8211; Sie entwickeln sich zu dem , was Sie denken und f\u00fchlen!<\/p>\n<p>Dauer des Einzeltrainings: ca. 4 Stunden<\/p>\n<p>Preis: 396 Euro inkl. MwSt. (Termin nach Vereinbarung)<\/p>\n<p>Download:\u00a0<a href=\"http:\/\/www.connyscholz.de\/wp-content\/uploads\/2015\/11\/beratungMachtDesGeldes.pdf\">Beratung &#8211; Die Macht des Geldes<\/a><\/p>\n<hr \/>\n<p>&nbsp;<\/p>\n<p><strong>Training: &#8222;Die Macht der Gedanken, Worte und Inneren Bilder&#8220;<\/strong><\/p>\n<p><a href=\"http:\/\/www.connyscholz.de\/wp-content\/uploads\/2015\/11\/37.jpg\"><img loading=\"lazy\" decoding=\"async\" class=\"alignnone size-medium wp-image-59\" src=\"http:\/\/www.connyscholz.de\/wp-content\/uploads\/2015\/11\/37-300x251.jpg\" alt=\"Die Macht der Gedanken\" width=\"300\" height=\"251\" \/><\/a><\/p>\n<p>Energie und Handlung folgen den Gedanken &#8211; Sie entwickeln sich zu dem, was Sie denken und f\u00fchlen!<\/p>\n<p>In diesem mentalen Einzeltraining \u00f6ffnen Sie sich einer erweiterten Sicht Ihrer Themen, Probleme oder Gewohnheiten und Sie erkennen die M\u00f6glichkeiten der positiven Ver\u00e4nderung in Ihrem Leben.<\/p>\n<p>Das Geheimnis eines gl\u00fccklichen Lebens liegt in Ihren Gedanken und H\u00e4nden&#8230;<\/p>\n<p>Dauer des Einzeltrainings: ca. 4 Stunden<\/p>\n<p>Preis: 396 euro inkl. MwSt. (Termin auf Anfrage)<\/p>\n<p>Download:\u00a0<a href=\"http:\/\/www.connyscholz.de\/wp-content\/uploads\/2015\/11\/beratungMachtderGedanken.pdf\">Beratung &#8211; Die Macht der Gedanken<\/a><\/p>\n","protected":false},"excerpt":{"rendered":"<p>Einzelsitzungen &nbsp; Urlaub vom Alltag &#8211; Mentaltraining und Coaching Individuelles Einzelcoaching &#8211; Kl\u00e4re Dein Leben ! Raus aus dem Hamsterrad, rein in die eigene Kraft! Das eigene Leben wieder in Ordnung bringen! Schon lange keine Lust mehr&#8230; dann ist der richtige Zeitpunkt f\u00fcr Ihre Ver\u00e4nderung gekommen! Klarheit, Durchblick und \u00dcberblick wieder erreichen \u2013 in entspannter &hellip; <a href=\"https:\/\/connyscholz.de\/?page_id=53\" class=\"more-link\"><span class=\"screen-reader-text\">Beratung<\/span> weiterlesen <span class=\"meta-nav\">&rarr;<\/span><\/a><\/p>\n","protected":false},"author":1,"featured_media":0,"parent":0,"menu_order":0,"comment_status":"closed","ping_status":"closed","template":"","meta":{"footnotes":""},"class_list":["post-53","page","type-page","status-publish","hentry"],"_links":{"self":[{"href":"https:\/\/connyscholz.de\/index.php?rest_route=\/wp\/v2\/pages\/53","targetHints":{"allow":["GET"]}}],"collection":[{"href":"https:\/\/connyscholz.de\/index.php?rest_route=\/wp\/v2\/pages"}],"about":[{"href":"https:\/\/connyscholz.de\/index.php?rest_route=\/wp\/v2\/types\/page"}],"author":[{"embeddable":true,"href":"https:\/\/connyscholz.de\/index.php?rest_route=\/wp\/v2\/users\/1"}],"replies":[{"embeddable":true,"href":"https:\/\/connyscholz.de\/index.php?rest_route=%2Fwp%2Fv2%2Fcomments&post=53"}],"version-history":[{"count":37,"href":"https:\/\/connyscholz.de\/index.php?rest_route=\/wp\/v2\/pages\/53\/revisions"}],"predecessor-version":[{"id":270,"href":"https:\/\/connyscholz.de\/index.php?rest_route=\/wp\/v2\/pages\/53\/revisions\/270"}],"wp:attachment":[{"href":"https:\/\/connyscholz.de\/index.php?rest_route=%2Fwp%2Fv2%2Fmedia&parent=53"}],"curies":[{"name":"wp","href":"https:\/\/api.w.org\/{rel}","templated":true}]}}