{"id":25,"date":"2015-11-24T18:01:44","date_gmt":"2015-11-24T17:01:44","guid":{"rendered":"http:\/\/www.connyscholz.de\/?page_id=25"},"modified":"2020-04-05T13:59:14","modified_gmt":"2020-04-05T13:59:14","slug":"workshops","status":"publish","type":"page","link":"https:\/\/connyscholz.de\/?page_id=25","title":{"rendered":"Workshops"},"content":{"rendered":"<p><strong>Innere Heilung<\/strong><\/p>\n<blockquote><p>Der Weg der Heilung ist der Weg zur Selbsterkenntnis. \u00d6ffnen Sie den unbegrenzten Raum Ihrer Seele, denn der Schatz der unendlichen M\u00f6glichkeiten liegt in Ihnen. Verstehen Sie Ihre eigene Wahrheit, gestalten und leben Sie Ihr eigenes inneres Sein. Gewinnen Sie Klarheit und inneren Frieden und das Licht Ihrer Seele wird nach au\u00dfen strahlen.<\/p><\/blockquote>\n<h3><strong>Malworkshop: Farbenspiel &#8211; Der Weg zum Inneren Licht &#8211; abstraktes, intuitives Malen mit der Seele<\/strong><\/h3>\n<p><a href=\"http:\/\/www.connyscholz.de\/wp-content\/uploads\/2015\/11\/39.jpg\"><img loading=\"lazy\" decoding=\"async\" class=\"alignnone size-medium wp-image-26\" src=\"http:\/\/www.connyscholz.de\/wp-content\/uploads\/2015\/11\/39-300x191.jpg\" alt=\"workshops\" width=\"300\" height=\"191\" \/><\/a><\/p>\n<p>Malen Sie Ihre eigenen Energie- und Seelenbilder!<\/p>\n<p>Sp\u00fcren und erleben Sie, wie wichtig es ist, dass Ihre Energie in Fluss kommt und sich dadurch Ihre Einzigartigkeit und Kreativit\u00e4t Ausdruck verschaffen.<\/p>\n<p>Das Farbenspiel weckt Ihre Lebensfreude und erm\u00f6glicht Ihnen ein Gef\u00fchl von Entspannung, Ruhe, Harmonie und Zufriedenheit.<\/p>\n<p>Workshop (2 t\u00e4gig von 10 bis 18 Uhr)<\/p>\n<p>Preis pro TeilnehmerIn: 490 Euro (inkl. Materialkosten)<\/p>\n<p>Individuelle Mal-Workshops f\u00fcr mehrere Tage oder einzelne Gruppen sind nach Absprache m\u00f6glich.<\/p>\n<p>Download:\u00a0<a href=\"http:\/\/www.connyscholz.de\/wp-content\/uploads\/2015\/11\/workshopMalen.pdf\">Workshop Farbenspiel<\/a><br \/>\nDownload:\u00a0<a href=\"http:\/\/www.connyscholz.de\/wp-content\/uploads\/2015\/11\/Anmeldung2012.pdf\">Anmeldung<\/a><\/p>\n<hr \/>\n<h3><strong>Lichtwege-Workshop<\/strong><\/h3>\n<p><a href=\"http:\/\/www.connyscholz.de\/wp-content\/uploads\/2015\/11\/42.jpg\"><img loading=\"lazy\" decoding=\"async\" class=\"alignnone size-full wp-image-37\" src=\"http:\/\/www.connyscholz.de\/wp-content\/uploads\/2015\/11\/42.jpg\" alt=\"Lichtwege-Workshop\" width=\"190\" height=\"250\" \/><\/a><\/p>\n<p>Themen:<\/p>\n<ul>\n<li>Meine F\u00e4higkeiten und Talente<\/li>\n<li>Mein Lebenszweck<\/li>\n<li>Meine Innere Kraft und Wahrheit<\/li>\n<\/ul>\n<p>Tages-Workshop (von 10 bis 18 Uhr)<\/p>\n<p>Preis pro TeilnehmerIn 90\u00a0Euro inkl. MWSt.<\/p>\n<p>Downloads:\u00a0<a href=\"http:\/\/www.connyscholz.de\/wp-content\/uploads\/2015\/11\/workshopLichtwege.pdf\">Workshop Lichtwege<\/a><br \/>\nDownloads:\u00a0<a href=\"http:\/\/www.connyscholz.de\/wp-content\/uploads\/2015\/11\/Anmeldung2012.pdf\">Anmeldung<\/a><\/p>\n<hr \/>\n<h3><strong>Kreativer Frauen-Workshop: G\u00f6ttliche Frauen<\/strong><\/h3>\n<p><a href=\"http:\/\/www.connyscholz.de\/wp-content\/uploads\/2015\/11\/Frauen-workshop-neu.jpg\"><img loading=\"lazy\" decoding=\"async\" class=\"alignnone size-medium wp-image-70\" src=\"http:\/\/www.connyscholz.de\/wp-content\/uploads\/2015\/11\/Frauen-workshop-neu-300x182.jpg\" alt=\"Frauen-workshop-neu\" width=\"300\" height=\"182\" \/><\/a><\/p>\n<p>Ein Tag der Entspannung, Erholung, Erkenntnis und Freude. Das Training f\u00fcr Frauen, die ihre verborgenen Talente entdecken m\u00f6chten.<\/p>\n<p>Sie erfahren und lernen praktische Techniken wie Zentrierung, Farbmeditation, Automatisches Schreiben und Malen, energetische \u00dcbungen, die Sie danach leicht in Ihrem Alltag einsetzen k\u00f6nnen.<\/p>\n<p>Sie sch\u00f6pfen Kraft, Mut Sicherheit und Vertrauen aus Ihrem eigenen kreativen Potential.<\/p>\n<p>Tages-Workshop (von 10 bis 17 Uhr)<\/p>\n<p>Preis pro Teilnehmerin 90\u00a0Euro inkl. MwSt.<\/p>\n<p>Download:\u00a0<a href=\"http:\/\/www.connyscholz.de\/wp-content\/uploads\/2015\/11\/workshopFrauen.pdf\">Workshop Frauen<\/a><br \/>\nDownload:\u00a0<a href=\"http:\/\/www.connyscholz.de\/wp-content\/uploads\/2015\/11\/Anmeldung2012.pdf\">Anmeldung<\/a><\/p>\n<hr \/>\n<h3><strong>Tages Workshop &#8211; Achtsame Wahrnehmung<\/strong><\/h3>\n<p>Training der eigenen Achtsamkeit und Wahrnehmung!<\/p>\n<p>Sich selbst wahrnehmen, erkennen und annehmen lernen.<\/p>\n<p><strong>Themen des Tagesworkshops:<\/strong><\/p>\n<ul>\n<li>Schulung von Wahrnehmung und Achtsamkeit<\/li>\n<li>Selbstbild \u2013 wie nehme ich mich wahr und wie gehe ich mit mir und meinen Kr\u00e4ften um?<\/li>\n<li>Fremdbild \u2013 wie nehmen mich andere wahr und wie gehe ich damit um?<\/li>\n<li>Einsch\u00e4tzen des Gegen\u00fcbers, Herr sein und bleiben \u00fcber die eigenen Kr\u00e4fte.<\/li>\n<li>Klarheit und sicheres Auftreten in Meetings, Erkennen der Problematik<\/li>\n<\/ul>\n<p><strong>Changemanagement<\/strong><br \/>\n<span style=\"text-decoration: underline;\">Fragen, die Sie schon l\u00e4nger besch\u00e4ftigt haben:<\/span><\/p>\n<ul>\n<li>Was nehme ich wahr? In mir und\/oder in meinem Umfeld?<\/li>\n<li>Welche Signale sende ich aus \u2013 und welche nehme ich wahr, welche beachte ich?<\/li>\n<li>Wer oder was raubt mir st\u00e4ndig meine Kraft und Energie?<\/li>\n<li>Wie grenze ich mich besser ab, wie sch\u00fctze ich mich?<\/li>\n<li>Wie komme ich schnell wieder in meine Mitte, wenn es mal turbolent wird?<\/li>\n<li>Was belastet mich, was kann ich weglassen?<\/li>\n<\/ul>\n<p>Download: <a href=\"http:\/\/connyscholz.de\/wp-content\/uploads\/2015\/11\/TagesworkshopAchtsameWahrnehmung.pdf\">TagesworkshopAchtsameWahrnehmung<\/a><\/p>\n<hr \/>\n<p>Bitte schauen Sie nach den aktuellen Terminen:\u00a0<a href=\"http:\/\/www.connyscholz.de\/?page_id=40\">Termine<\/a><\/p>\n","protected":false},"excerpt":{"rendered":"<p>Innere Heilung Der Weg der Heilung ist der Weg zur Selbsterkenntnis. \u00d6ffnen Sie den unbegrenzten Raum Ihrer Seele, denn der Schatz der unendlichen M\u00f6glichkeiten liegt in Ihnen. Verstehen Sie Ihre eigene Wahrheit, gestalten und leben Sie Ihr eigenes inneres Sein. Gewinnen Sie Klarheit und inneren Frieden und das Licht Ihrer Seele wird nach au\u00dfen strahlen. &hellip; <a href=\"https:\/\/connyscholz.de\/?page_id=25\" class=\"more-link\"><span class=\"screen-reader-text\">Workshops<\/span> weiterlesen <span class=\"meta-nav\">&rarr;<\/span><\/a><\/p>\n","protected":false},"author":1,"featured_media":0,"parent":0,"menu_order":0,"comment_status":"closed","ping_status":"closed","template":"","meta":{"footnotes":""},"class_list":["post-25","page","type-page","status-publish","hentry"],"_links":{"self":[{"href":"https:\/\/connyscholz.de\/index.php?rest_route=\/wp\/v2\/pages\/25","targetHints":{"allow":["GET"]}}],"collection":[{"href":"https:\/\/connyscholz.de\/index.php?rest_route=\/wp\/v2\/pages"}],"about":[{"href":"https:\/\/connyscholz.de\/index.php?rest_route=\/wp\/v2\/types\/page"}],"author":[{"embeddable":true,"href":"https:\/\/connyscholz.de\/index.php?rest_route=\/wp\/v2\/users\/1"}],"replies":[{"embeddable":true,"href":"https:\/\/connyscholz.de\/index.php?rest_route=%2Fwp%2Fv2%2Fcomments&post=25"}],"version-history":[{"count":8,"href":"https:\/\/connyscholz.de\/index.php?rest_route=\/wp\/v2\/pages\/25\/revisions"}],"predecessor-version":[{"id":312,"href":"https:\/\/connyscholz.de\/index.php?rest_route=\/wp\/v2\/pages\/25\/revisions\/312"}],"wp:attachment":[{"href":"https:\/\/connyscholz.de\/index.php?rest_route=%2Fwp%2Fv2%2Fmedia&parent=25"}],"curies":[{"name":"wp","href":"https:\/\/api.w.org\/{rel}","templated":true}]}}